*2 + y - 1724. What is z(-5)?
-4
Let i(v) = -2*v - 9*v + 0 + 19*v - 3. What is i(3)?
21
Let j = 63 - 59. Let u(h) = -h**2 - 15*h + 3. Let z be u(-15). Let d(v) = 4 - 2*v**z - 1 + 7*v - 9 + 3*v**3 - 5*v**2. Determine d(j).
6
Let b(m) = -m**3 - 4*m**2 + 19. Let j be b(-3). Let f(x) = x - 4. Give f(j).
6
Let d be (-49)/(-441) + (-1)/((-9)/17). Let v(j) = 463*j**2 - 7 + 7*j - 464*j**d - 8. Calculate v(6).
-9
Let k(g) = 2*g + 11. Suppose 55*b + 821 = -4. Give k(b).
-19
Let d(a) be the second derivative of -a**3/6 - a**2/2 - 53*a. Let i = 5 - -9. Let u = i - 17. What is d(u)?
2
Let s(w) = 117*w - 982. Let p(h) = -154*h + 1309. Let d(x) = 7*p(x) + 9*s(x). Determine d(13).
0
Let z(q) = -9*q - 117. Suppose -18 = x + 3*w, 11*w + 30 = -2*x + 8*w. Let f be z(x). Let l(g) = -g - 2. What is l(f)?
7
Let h(u) = u**2 - 55*u + 509. Let g be h(43). Let n(l) = l**2 + 4*l - 25. What is n(g)?
-4
Suppose -52 + 107 = 5*u. Suppose -u = 26*y - 22*y + 3*x, -y = 2*x + 9. Let r(l) = 15*l**3 + l. What is r(y)?
16
Let d(o) = o - 2*o**2 + o + 0*o. Suppose 113*g - 36 = 109*g. Suppose 24 = 3*n + g*n. What is d(n)?
-4
Let s(b) = -b + 4. Let p be 78/14 - (288/(-56))/(-9). Suppose p*k = -2*z - 6, z - 3 = 2*z + 5*k. Calculate s(z).
7
Let s(z) = 13*z + 19. Let d(t) = 8*t + 9. Let l(p) = -7*d(p) + 4*s(p). Calculate l(8).
-19
Let k(o) = -4786*o + 2385*o + 2387*o + 205. Determine k(15).
-5
Let o be (5 - 4) + -62 + 47. Let d(f) = -7*f - 104. What is d(o)?
-6
Let x(m) = -36*m**3 - 13*m**2 + 400*m + 41. Let a(c) = -5*c**3 - 2*c**2 + 55*c + 6. Let n(k) = -29*a(k) + 4*x(k). What is n(-5)?
-10
Let p(k) = -k**2 + 80*k + 4. Let t be p(80). Let r(c) = 6*c**2 - 28*c + 21. Determine r(t).
5
Let j(z) = 34*z**2 + 49*z + 23. Let f(t) = -t**2 + 8*t + 4. Let k(x) = 6*f(x) - j(x). Determine k(1).
-40
Let l be 15/(-3 - -8) + 4. Let u(c) = -5*c + c**3 - 6*c**2 + 1 + 0*c - 1. What is u(l)?
14
Let r(y) be the third derivative of -6 + 0*y - y**2 - 1/12*y**4 + 0*y**3. Calculate r(3).
-6
Let q(r) = r**3 - r**2 + r - 1. Let c(w) = -6*w**2 - 88*w - 19. Let h be c(-14). Suppose 32*f = h*f - 10. Determine q(f).
5
Let s be 11 + 1060/318*(-3 + 0). Let n(c) be the first derivative of s - 2*c**2 + 1/3*c**3 + 0*c. Give n(5).
5
Let t(n) = n**2 - 7*n + 7. Suppose 0 = -796*p + 843*p - 141. Give t(p).
-5
Let u(h) = 22*h - 166. Let c(x) = 14*x - 104. Let p(k) = -8*c(k) + 5*u(k). Let y be (2/(-6))/(2/(-6)). Calculate p(y).
0
Let m(u) be the first derivative of u**4/4 + 29*u**3/3 - 14*u**2 + 42*u - 261. Give m(-30).
-18
Let f(r) be the first derivative of 2*r**3/3 + 13*r**2 - 10*r - 8305. Determine f(-15).
50
Suppose 3 = -0*n + n, o + 13 = 5*n. Suppose 20*d - 18*d = 5*u - 8, -o*u = 2*d + 22. Let a(c) = -c**2 - 11*c - 13. What is a(d)?
5
Let d(n) = n - 20. Let p(o) = -o**2 + 75*o + 29. Let h(x) = 25*x + 10. Let j(q) = 7*h(q) - 2*p(q). Let v be j(-12). What is d(v)?
-20
Let u(x) be the second derivative of -2*x**3/3 - 2*x**2 + 18*x + 2. What is u(2)?
-12
Let q(f) = 4*f - 16. Let a = 168 + -163. Suppose -3*u - 1 + 3 = 4*j, 3*u = a*j + 38. Calculate q(u).
8
Let y(z) = 29*z - 2. Let w be y(0). Let q(m) = m**3 + 5*m + 10. Calculate q(w).
-8
Let g(j) = -44*j + 59 - 2*j**2 + 3*j**2 + 60*j + 0*j**2. What is g(-7)?
-4
Let b(l) = l**3 - 5*l**2 - 5*l + 3. Let t be (-1)/3 + (-39)/(-9). Suppose -t = 3*f - 13. Suppose 24 = 4*w + h, 0 = 4*w + f*h - h - 24. What is b(w)?
9
Let g(v) be the third derivative of -2*v**4/3 + 7*v**3/6 + 8470*v**2. Calculate g(-4).
71
Let t(k) = k**3 + 4*k**2 - 6*k + 5. Let v(o) be the first derivative of -o**3 - 5*o**2/2 - 3*o + 58. Let n be v(-2). What is t(n)?
10
Let z(r) be the first derivative of r**4/4 + r**3/3 - 17*r**2/2 + 18*r + 14379. Give z(-5).
3
Let y(w) = 1. Let r(q) = -6*q**2 - q - 10. Let b(d) = -7*d**2 - 11. Let u(h) = -5*b(h) + 6*r(h). Let m(i) = u(i) + y(i). Determine m(-6).
-4
Let u(p) be the first derivative of 4*p**3/3 + 5*p**2/2 - 7*p + 2597. Determine u(-3).
14
Suppose 22*l - 279 = -257. Let x(g) = 44*g - 1. Determine x(l).
43
Let a(q) = -1. Let h(n) = -2*n**2 - 6*n + 4. Let w(y) = -6*a(y) - h(y). Let d(x) = 2*x**2 + 26*x + 19. Let c be d(-12). Determine w(c).
22
Let v = -5 + 1. Suppose -2*t + 13 = 3*q, 4*t + 3 = -4*q + 15. Let o(k) = -2 + q*k - 6*k - 4 + 3. Calculate o(v).
-7
Let s(n) = -n**3 - 8*n**2 + 2*n + 10. Let w(i) = i - 39. Let g be w(0). Let h = -46 - g. Let z be -1 + h + 2 + -2. Give s(z).
-6
Let u(x) = 9 + 42*x**3 + 8*x**2 + 9*x - 5 - 47*x**3 + 3*x**3. What is u(-2)?
34
Let q(r) be the first derivative of -3*r**2/2 + 9*r - 4. Let t(d) = 8*d - 50. Let x be t(7). Determine q(x).
-9
Let t(c) = -c**3 + 12*c**2 + 2*c - 3. Let u be 2/((705/90)/47). What is t(u)?
21
Let b = -3398 - -3406. Let y(g) = -12*g + 17. Give y(b).
-79
Let t(q) = q**3 - 2*q**2 + 3*q - 4. Suppose -31*m = -0*m. Suppose -31*w + m*w = -93. Calculate t(w).
14
Let t(c) = -5*c**2 - 6*c + 13. Let k(r) = -4*r**2 - 4*r + 12. Suppose 3*o = 4*a - 2*o + 5, 3*a + 21 = -2*o. Let y(b) = a*t(b) + 6*k(b). Determine y(-5).
2
Let z = 540 - 544. Let x(j) = -3*j**2 + 181 + 3*j - 180 - j**3 + 2*j. Determine x(z).
-3
Let a(d) = 8*d**3 - 19*d**2 - 10*d + 7. Let i be 2/((3/6)/(2/(-4))). Let m(p) = -3*p**3 + 9*p**2 + 5*p - 3. Let g(o) = i*a(o) - 5*m(o). What is g(-6)?
-5
Let s be 4 + (-168)/70*(-5)/(-2). Let v(l) = -6*l**2 - 5*l - 5. Determine v(s).
-19
Suppose -18*p - 16 = -14*p. Suppose x + 3 - 8 = 0. Let c(g) = -g**3 - 32*g + 15*g - x*g**2 + 14*g. Determine c(p).
-4
Let m be ((-9)/(-4))/(144/(-384)). Let l(d) = 24*d + 101. What is l(m)?
-43
Let s(r) = -16*r + 11*r + 7*r - 17 + 2*r. Let t(w) = -5*w + 20. Let m(f) = -6*s(f) - 5*t(f). Suppose 0 = -3*n - 2*n + 30. Determine m(n).
8
Let f(i) be the third derivative of -i**5/60 - 7*i**4/24 - i**3/3 + 1040*i**2. What is f(-13)?
-80
Suppose -3*m + 18 = -81. Suppose -2*s = w - 33 + 9, -3*s = 3*w - m. Let l(q) = 9*q**2 + 1 + s*q**2 - q - 24*q**2. What is l(1)?
-2
Let h = -3205 - -3209. Let s(m) be the third derivative of m**5/60 - m**4/3 + 2*m**3/3 - 3*m**2. Give s(h).
-12
Let g(w) be the third derivative of -w**4/24 + 5*w**2 + 4. Let o(k) be the first derivative of -k**2 - k + 1. Let t(p) = 5*g(p) - 3*o(p). What is t(-5)?
-2
Let f(l) = -2*l**2 - 36*l - 37. Let j(z) = 3*z**2 + 44*z + 39. Let u(a) = 4*f(a) + 3*j(a). Calculate u(13).
-18
Let y(k) = 3*k - 1 - 9 - 4*k. Let f be 846/94 - ((-38)/(-2) + (-5)/25*5). Calculate y(f).
-1
Let b(g) be the second derivative of g**5/20 - g**4/3 - g**3/3 - 2*g**2 - 30*g. Let n(m) = m**2 - 3*m. Let y be n(6). Let k = y - 13. Give b(k).
11
Suppose 0 = -26*n + 107 - 3. Let m(d) = 20*d + 4. Determine m(n).
84
Let m = 19 + -15. Let v(h) = -6 - 5*h + m*h - 6 - h. Let w = 386 - 394. Calculate v(w).
4
Let m(h) be the first derivative of 16*h - 1/20*h**5 + 5/12*h**4 - 4 - 1/2*h**3 + 3/2*h**2. Let k(b) be the first derivative of m(b). Calculate k(5).
-12
Let z(c) = -c + 5. Suppose -5*h = -5*n, 3*n - 26 = -5*h - 2. Suppose 2*r - 5 = 19. Let l be 5 - (r - n - -1). What is z(l)?
10
Let t(l) be the third derivative of 1/3*l**3 - 1/12*l**4 + 3*l**2 + 9 + 1/60*l**5 + 0*l. Determine t(4).
10
Suppose -3*n = -3*a, -a - 16 = -5*a. Let k(z) = -2 + 204*z - 47*z - 47*z - 53*z - 55*z. Calculate k(n).
6
Let l(r) be the second derivative of r**4/12 - r**3/6 - 53*r**2/2 + 367*r - 2. What is l(9)?
19
Let x be -1*-2*(-1 + -4*3/12). Let o(w) = 2*w**2 - 20*w - 119. Calculate o(x).
-7
Suppose 5*v = 3*y + 9, -476 = -y + 5*v - 499. Let w(p) = -p**3 + 6*p**2 + 3*p - 34. What is w(y)?
-62
Let r(u) = -2*u + 5. Suppose -283*w - 14 = -290*w. Let b be (3 + w + -3)/((-9)/(-36)). Calculate r(b).
-11
Let c(k) = -k**2 - 7*k. Suppose -2*b + 92 - 26 = 0. Suppose -2*h = -5*d - b, -30*h + 16 = -2*d - 32*h. What is c(d)?
0
Let q(g) = 2*g**2 + 7*g + 3. Suppose 2*v = -3*k - 28, 57*k = 56*k + 4*v + 14. Calculate q(k).
33
Let k = -229 + 360. Let c(f) = -157*f - 442. Let i be c(-2). Let p = k + i. Let r(t) = -t**3 + t**2 + 4*t - 4. What is r(p)?
-10
Let f(v) = -v**2 + 4*v + 13. Let x be (-3*4/(-9))/((-254)/(-1143)). Determine f(x).
1
Let t(n) = -4*n - 2. Let s(y) = y**2 + 22*y. Let l be s(-22). Suppose 0 = -4*a + 2*p, -a - 7*p + 6*p + 6 = l. What is t(a)?
-10
Let t(m) be the first derivative of -4*m**4 - m**3/3 + m + 671. Suppose 5*p - 10 + 5 = 0. Calculate t(p).
-16
Let k(i) = -36*i - 1624. Let s be k(-45). 